
{"id":1931,"date":"2022-02-15T10:29:23","date_gmt":"2022-02-15T09:29:23","guid":{"rendered":"https:\/\/www.asplaurarodriguez.it\/servizi-per-disabili\/?page_id=1931"},"modified":"2024-05-20T15:46:15","modified_gmt":"2024-05-20T13:46:15","slug":"collaborazioni-esterne","status":"publish","type":"page","link":"https:\/\/www.asplaurarodriguez.it\/servizi-per-disabili\/laboratorio-senza-muri\/collaborazioni-esterne\/","title":{"rendered":"Collaborazioni esterne"},"content":{"rendered":"<section  class='av_textblock_section av-kzsbmnu9-c90543ea878af7ed1515f677f778e2f2'  itemscope=\"itemscope\" itemtype=\"https:\/\/schema.org\/CreativeWork\" ><div class='avia_textblock'  itemprop=\"text\" ><p style=\"text-align: center\">&#8220;Speranza senza muri&#8221; Calendario Farmacia Ghigi 2022<\/p>\n<p style=\"text-align: center\">Grazie alla Farmacia Ghigi abbiamo avuto la possibilit\u00e0 valorizzare il talento dell\u2019artista Flavia Rubbi, ospite del nostro centro \u201cLaboratorio senza Muri\u201d. Il suo elaborato intitolato \u201cSperanza senza Muri\u201d rappresenta un invito ad abbattere i nostri muri interiori, lasciando in noi stessi, spazio alla visione di un mondo migliore.<\/p>\n<p style=\"text-align: center\"><img loading=\"lazy\" class=\"aligncenter wp-image-1901 size-gallery\" src=\"http:\/\/www.asplaurarodriguez.it\/servizi-per-disabili\/wp-content\/uploads\/sites\/2\/2021\/12\/WhatsApp-Image-2021-12-02-at-10.18.52-720x684.jpeg\" alt=\"\" width=\"720\" height=\"684\" \/><\/p>\n<\/div><\/section>\n<section  class='av_textblock_section av-kzsbh15l-7dc2d8e91cca4d86a09a65afba1ca200'  itemscope=\"itemscope\" itemtype=\"https:\/\/schema.org\/CreativeWork\" ><div class='avia_textblock'  itemprop=\"text\" ><p>Il Laboratorio &#8220;Senza Muri&#8221; ha condensato idee e parole nel video che segue<\/p>\n<p>BREVE ANTOLOGIA CORALE SUL TEMA &#8220;LA STRADA&#8221;<\/p>\n<p><em>La strada come pretesto e metafora per raccontare storie e stranezze lungo le strade dentro e fuori di noi<\/em><\/p>\n<p>https:\/\/youtu.be\/tEPPoC1I-2g<\/p>\n<p>i testi del video:<\/p>\n<p><strong>Devastazioni e merendine<\/strong><br \/>\nLa vita \u00e8 una strada da prendere al meglio<br \/>\nfaremo le nostre cose<br \/>\ne resisteremo aspettando un mondo felice<br \/>\nIn alcuni ospedali non mi piace andare<br \/>\nsono sempre le stesse visite brutali<br \/>\nSar\u00e0 una lotta contro il tempo<br \/>\ncriminali bombe esplosivi<br \/>\nbasta far male alla gente innocente<br \/>\nLa strada \u00e8 una barriera<br \/>\nche non fa girare come tu vuoi.<br \/>\nHo visto pi\u00f9 di un temporale<br \/>\ne fantasmi e cani randagi<br \/>\nNel vento un cacciabombardiere<br \/>\nraggiunge le strade con fuoco devastatore<br \/>\nLa strada porta a un\u2019 isola di luna park<br \/>\ne pu\u00f2 far sognare anche le nostre serate.<br \/>\nDobbiamo risalire nel tunnel<br \/>\ndopo saremo convinti di avercela fatta.<br \/>\nE si pu\u00f2 andare fino al confine o al mare<br \/>\ndov\u2019\u00e8 un\u2019 acqua di cioccolato bianco e biscotti farciti.<br \/>\nC\u2019 era chi sapeva di chi era la strada<br \/>\npi\u00f9 difficile al mondo<br \/>\nLa strada \u00e8 una montagna di castagne e dolciumi<br \/>\nun gelato misto con biscotti e merendine al mercato<br \/>\nR. M.<\/p>\n<p><strong>Pace interiore<\/strong><br \/>\nLa strada pu\u00f2 far paura, pu\u00f2 essere una cosa cattiva.<br \/>\nMa la strada che ho in mente porta dal passato al futuro<br \/>\nporta la pace interiore.<br \/>\nCon un dolce profumo di caff\u00e8.<br \/>\nG. C.<\/p>\n<p><strong>Cose che capitano<\/strong><br \/>\nConosco un proverbio che dice: \u201cciascuno vada per la sua strada\u201d<br \/>\nnaturalmente il significato \u00e8 che due persone devono badare ai fatti loro e devono fare quel che gli suggerisce la loro coscienza. Senza dar fastidio agli altri.<br \/>\nUn momento felice della mia strada \u00e8 quando i gatti sono in calore e si mettono a bisticciare per contesa. Quando vedo questa cosa riderei a crepapancia.<br \/>\nSulla strada capit\u00f2 un giorno un\u2019altra cosa che mi fece proprio ridere:<br \/>\nuna bambina che era figlia di una donna che era titolare di un negozio di calzature che ha chiuso i battenti. Questa bambina, assieme ad una sua amichetta, cominci\u00f2 a farmi le linguacce e non la smetteva. Ma dir\u00f2 di pi\u00f9: all\u2019 apparenza tutte e due avranno avuto cinque anni.<br \/>\nR. S.<\/p>\n<p><strong>Consigli e precauzioni<\/strong><br \/>\nNella strada c\u2019\u00e8 tante buche<br \/>\nsuccedono tanti incidenti<br \/>\nbisogna stare attenti alle macchine<br \/>\nNella strada uno cade e si fa male<br \/>\ne si deve chiamare l\u2019 ambulanza<br \/>\npossono anche tamponarti<br \/>\nse uno va forte e non frena al semaforo<br \/>\nNella strada si vede le persone<br \/>\npassare con tanti cani.<br \/>\nC\u2019\u00e8 un ragazzo, vicino alla mia porta,<br \/>\nche ha portato su il cane in braccio<br \/>\nper non fare le pedate nelle scale.<br \/>\nS. S.<\/p>\n<p><strong>Imprevisto<\/strong><br \/>\nQuando sono per strada mi vedo contento<br \/>\nperch\u00e9 incontro persone che conosco e mi salutano<br \/>\ne persone che non conosco e mi guardano.<br \/>\nUna volta ero in autobus che andavo in centro,<br \/>\nma l\u2019 autobus ha cambiato strada.<br \/>\nPerch\u00e9 era Sabato.<br \/>\nI. C.<\/p>\n<p><strong>Stati d\u2019animo<\/strong><br \/>\nQuando passeggio sono allegro<br \/>\nQuando vado a comprare il pane sono allegro<br \/>\nSono allegro quando sono in casa con i miei<br \/>\nSono allegro quando faccio qualcosa per gli altri<br \/>\nSono triste quando mi parlano alle spalle<br \/>\nSono triste quando mi dicono di stare zitto<br \/>\nSono triste quando resto solo<br \/>\nK. N.<\/p>\n<\/div><\/section>\n<section  class='av_textblock_section av-kzsbfg80-643e411da5e205ce12882ffcd3615bb1'  itemscope=\"itemscope\" itemtype=\"https:\/\/schema.org\/CreativeWork\" ><div class='avia_textblock'  itemprop=\"text\" ><p style=\"text-align: center\">Laboratorio Protetto e di Transizione al lavoro &#8220;Senza Muri&#8221;<\/p>\n<p style=\"text-align: center\"><em>Opera di Novembre &#8211; La valigia<\/em><\/p>\n<p style=\"text-align: center\"><strong>KIT DI SOPRAVVIVENZA\u2026 CON QUALCHE PORTAFORTUNA!<\/strong><\/p>\n<p style=\"text-align: center\"><img loading=\"lazy\" class=\"alignnone wp-image-1779\" src=\"http:\/\/www.asplaurarodriguez.it\/servizi-per-disabili\/wp-content\/uploads\/sites\/2\/2021\/01\/KIT-DI-SOPRAVVIVENZA...-CON-QUALCHE-PORTAFORTUNA-219x300.jpg\" alt=\"\" width=\"296\" height=\"378\" \/><\/p>\n<p style=\"text-align: center\">Questo mese ci siamo chiesti quali sono le cose (oggetti ma anche sentimenti, desideri, pensieri, ecc.) che per noi contano di pi\u00f9, che vogliamo portare con noi ovunque andiamo. Fra queste, ne abbiamo scelte cinque a testa e ci abbiamo riempito la nostra valigia\u2026 che ora \u00e8 piena di tutte le cose per noi pi\u00f9 importanti!<\/p>\n<\/div><\/section>\n<section  class='av_textblock_section av-kzsbad0x-843abe73a50c4892198e30f32ab52365'  itemscope=\"itemscope\" itemtype=\"https:\/\/schema.org\/CreativeWork\" ><div class='avia_textblock'  itemprop=\"text\" ><p style=\"text-align: center\">Laboratorio Protetto e di Transizione al lavoro &#8220;Senza Muri&#8221;<\/p>\n<p style=\"text-align: center\"><em>Opera di febbraio &#8211; L&#8217;incontro<\/em><\/p>\n<p style=\"text-align: center\"><strong>IN-CONTRI IN-CORNIC<\/strong><strong>E<\/strong><\/p>\n<p style=\"text-align: center\"><img loading=\"lazy\" class=\"alignnone  wp-image-1829\" src=\"http:\/\/www.asplaurarodriguez.it\/servizi-per-disabili\/wp-content\/uploads\/sites\/2\/2021\/04\/in-contri-in-cornice-300x212.jpg\" alt=\"\" width=\"537\" height=\"288\" \/><\/p>\n<p style=\"text-align: center\">\n<p style=\"text-align: center\">Questo mese abbiamo parlato di amore \u2013 inteso come affetto verso familiari, amici, animali, oggetti.<\/p>\n<p style=\"text-align: center\">Ognuno di noi ha scelto di raccontare agli altri un incontro d\u2019amore che gli ha cambiato la vita, che \u00e8 stato per lui\/lei importante e significativo; ha poi realizzato una cornice personalizzata per rappresentarlo, utilizzando foto, disegni, colori, scritti, ecc. Infine abbiamo riunito tutte le cornici in un grande e unico quadro!<\/p>\n<p style=\"text-align: center\">\n<\/div><\/section>\n<section  class='av_textblock_section av-kzpb58nu-5e5669b5cd72032639fb68d862236ae9'  itemscope=\"itemscope\" itemtype=\"https:\/\/schema.org\/CreativeWork\" ><div class='avia_textblock'  itemprop=\"text\" ><p style=\"text-align: center\">Laboratorio Protetto e di Transizione al lavoro &#8220;Senza Muri&#8221;<\/p>\n<p style=\"text-align: center\"><em>Opera di aprile &#8211; Il ritorno<\/em><\/p>\n<p style=\"text-align: center\"><b>RITORNO IN RIMA<\/b><\/p>\n<p style=\"text-align: center\">\n<p style=\"text-align: center\">Ritorno fa rima con\u2026? Cliccate sul link e divertitevi a completare il nostro cruciverba sulle parole che fanno rima con \u201critorno\u201d!<\/p>\n<p style=\"text-align: center\"><a href=\"https:\/\/www.youtube.com\/watch?v=svY9WIub8EM\">ritorno in rima &#8211; YouTube<\/a><\/p>\n<\/div><\/section>\n<section  class='av_textblock_section av-kzsbiz5n-1ff31c25fe6f2d9529e79924f8b1eb8c'  itemscope=\"itemscope\" itemtype=\"https:\/\/schema.org\/CreativeWork\" ><div class='avia_textblock'  itemprop=\"text\" ><p style=\"text-align: center\"><em> <img loading=\"lazy\" class=\"alignnone  wp-image-1766\" src=\"http:\/\/www.asplaurarodriguez.it\/servizi-per-disabili\/wp-content\/uploads\/sites\/2\/2020\/10\/immagine-strada-277x300.png\" alt=\"\" width=\"333\" height=\"437\" \/><\/em><\/p>\n<p style=\"text-align: left\"><em>Il breve testo che segue nasce da una visione della strada come percorso di riscoperta e intento di trasfigurazione di ci\u00f2 che quotidianamente si mostra come scontato e monotono, privo di futuro o segnato da limiti invalicabili.<\/em><br \/>\n<em>La potenza metaforica di un concetto come quello di strada, ci consente di proporre immagini di una via da percorrere dove situare nuove prospettive e diversi orizzonti, come \u00e8 auspicabile che accada nel lavoro educativo.<\/em><\/p>\n<p style=\"text-align: left\"><strong> Parole per strada<\/strong><br \/>\nVenne prima il cammino. Solo pi\u00f9 tardi cominci\u00f2 a nascere una strada.<br \/>\nVenne prima il viaggio. La strada era nel cuore e nella mente.<br \/>\nEra un\u2019 idea. Ma prima era solo il cammino, da un luogo verso un altro luogo.<br \/>\nEra un desiderio, un pensiero tra il qui e l\u2019altrove.<br \/>\nIn principio la strada era solo un pensiero, ma quel lungo andare pi\u00f9 e pi\u00f9 volte verso l\u2019 altrove si impresse inesorabile sulla pianura, attravers\u00f2 boschi e montagne, fiumi e dirupi.<br \/>\nA lungo andare, quel lungo andare fu sentiero di viandanti. Fu viaggio di mercanti e pellegrini. Divenne un sentiero battuto. Deserto, affollato, solitario. Proteso verso l\u2019 altrove, a volte slavato da nubifragi, a volte riarso da torride estati, mutevole come le stagioni.<br \/>\nUn desiderio, forse una necessit\u00e0, segnava la via.<br \/>\nEd ecco la strada, per lungo tempo un pensiero disteso sopra epoche e civilt\u00e0, mutevoli, anche loro, come le stagioni.<br \/>\nUna strada, se non ci pensi mai, se non ti accorgi di percorrerla e quasi non la vedi, \u00e8 solo uno spazio anonimo, indifferente. Potresti dire in fondo una strada \u00e8 una strada.<br \/>\nMa a un certo punto, per amore o per forza, o in forza dell\u2019 amore, pu\u00f2 accadere qualcosa. Quell\u2019 istante, se non resti intorpidito dalle abitudini, se sei abbastanza ricettivo e pronto a dare il benvenuto all\u2019 impensabile, non sarebbe pi\u00f9 un semplice istante. Non sarebbe, intendo, un secondo del tuo solito tempo calcolabile, ma un tempo assolutamente nuovo, un modo inedito, o inattuale, di sentire il pulsare del mondo.<br \/>\nCome la gran parte delle cose, forse come tutte le cose, una strada non \u00e8 soltanto una strada. Una strada \u00e8 un segno, una traccia. Una possibilit\u00e0.<\/p>\n<\/div><\/section>\n<section  class='av_textblock_section av-kzwpf1m5-21856058603a74a0664d936ebc3a0674'  itemscope=\"itemscope\" itemtype=\"https:\/\/schema.org\/CreativeWork\" ><div class='avia_textblock'  itemprop=\"text\" ><section class=\"av_textblock_section \">\n<div class=\"avia_textblock  \">\n<p style=\"text-align: center\"><em>Opera di aprile \u2013 Il ritorno<\/em><\/p>\n<p style=\"text-align: center\"><b>RITORNO IN RIMA<\/b><\/p>\n<\/div>\n<\/section>\n<section class=\"av_textblock_section \">\n<div class=\"avia_textblock  \">\n<p style=\"text-align: center\">Ritorno fa rima con\u2026? Cliccate sul link e divertitevi a completare il nostro cruciverba sulle parole che fanno rima con \u201critorno\u201d!<\/p>\n<\/div>\n<\/section>\n<div class='avia-iframe-wrap'><iframe loading=\"lazy\" title=\"ritorno in rima\" width=\"1500\" height=\"844\" src=\"https:\/\/www.youtube.com\/embed\/svY9WIub8EM?feature=oembed\" frameborder=\"0\" allow=\"accelerometer; autoplay; clipboard-write; encrypted-media; gyroscope; picture-in-picture; web-share\" referrerpolicy=\"strict-origin-when-cross-origin\" allowfullscreen><\/iframe><\/div>\n<\/div><\/section>\n","protected":false},"excerpt":{"rendered":"","protected":false},"author":9,"featured_media":0,"parent":70,"menu_order":0,"comment_status":"closed","ping_status":"closed","template":"","meta":[],"_links":{"self":[{"href":"https:\/\/www.asplaurarodriguez.it\/servizi-per-disabili\/wp-json\/wp\/v2\/pages\/1931"}],"collection":[{"href":"https:\/\/www.asplaurarodriguez.it\/servizi-per-disabili\/wp-json\/wp\/v2\/pages"}],"about":[{"href":"https:\/\/www.asplaurarodriguez.it\/servizi-per-disabili\/wp-json\/wp\/v2\/types\/page"}],"author":[{"embeddable":true,"href":"https:\/\/www.asplaurarodriguez.it\/servizi-per-disabili\/wp-json\/wp\/v2\/users\/9"}],"replies":[{"embeddable":true,"href":"https:\/\/www.asplaurarodriguez.it\/servizi-per-disabili\/wp-json\/wp\/v2\/comments?post=1931"}],"version-history":[{"count":6,"href":"https:\/\/www.asplaurarodriguez.it\/servizi-per-disabili\/wp-json\/wp\/v2\/pages\/1931\/revisions"}],"predecessor-version":[{"id":2349,"href":"https:\/\/www.asplaurarodriguez.it\/servizi-per-disabili\/wp-json\/wp\/v2\/pages\/1931\/revisions\/2349"}],"up":[{"embeddable":true,"href":"https:\/\/www.asplaurarodriguez.it\/servizi-per-disabili\/wp-json\/wp\/v2\/pages\/70"}],"wp:attachment":[{"href":"https:\/\/www.asplaurarodriguez.it\/servizi-per-disabili\/wp-json\/wp\/v2\/media?parent=1931"}],"curies":[{"name":"wp","href":"https:\/\/api.w.org\/{rel}","templated":true}]}}